tors of ((-13335900)/450)/(2/(-3)).
44453
Let n = 35 + -67. Let q = n - 15. Let a = 164 + q. What are the prime factors of a?
3, 13
What are the prime factors of ((-304916)/(-248))/((-2)/(-2)*(-2)/(-40))?
2, 5, 2459
Let q(f) = 329*f + 8. Let k be q(3). Let p = k + -411. Suppose 3*x + 4*s = p, 7*s = 2*s - 20. List the prime factors of x.
2, 5
Let b(f) = -f**2 + 10*f + 26. Let h be b(12). Suppose -h*a + y + 579 = 0, -y + 195 + 978 = 4*a. What are the prime factors of a?
2, 73
Suppose 0 = -3*k + 15 - 24. List the prime factors of 295 + (3 - (2 + (-2 - k))).
5, 59
Let s be 4/10 + (-127619)/(-170)*8. Suppose 7*r - 6*r = 2*f - 2997, 2*r - s = -4*f. What are the prime factors of f?
2, 3, 5
Suppose 0 = -14*k - 51008 + 207444. What are the prime factors of k?
2, 37, 151
Let i(o) be the third derivative of o**6/120 - 11*o**5/60 + 5*o**4/8 - 19*o**3/6 + 54*o**2. List the prime factors of i(11).
2, 73
Suppose -1507388 - 970566 - 74829 = -29*o. What are the prime factors of o?
19, 41, 113
Let g = 5810 - 2626. Let f = -2119 + g. List the prime factors of (f/(-60))/(2/(-24)).
3, 71
Let x = -203 + 211. What are the prime factors of (278 - -3) + -12 + x?
277
Suppose 40*q - 3928736 = -16*q. What are the prime factors of q?
2, 17539
Let l be (336/420)/(((-6)/2060)/3). Let m = l + 1343. What are the prime factors of m?
3, 173
Suppose 0 = 5*b + 2*c - 40, 18*c = 16*c. Suppose -w + b*w = 4424. What are the prime factors of w?
2, 79
Let n be (-14)/63 + 2344/18. Let z = n + -52. What are the prime factors of z?
2, 3, 13
Suppose v = 5 - 1, 3*k - 2*v + 6980 = 0. What are the prime factors of (486/7)/((-249)/k)?
2, 3
Let n(r) be the third derivative of r**6/40 - r**5/30 + r**4/12 - r**3/6 + 15*r**2. Let b be n(1). What are the prime factors of (22 + 4)*13/b?
13
Let g(u) = 772*u - 939. What are the prime factors of g(12)?
3, 5, 37
Let f(z) = 6*z**2 - 3*z + 2. Let v be f(1). Suppose -v*m = -6 - 9. Suppose 3*a - 13 = -r + 12, 4*a - m*r - 16 = 0. What are the prime factors of a?
7
What are the prime factors of (-1)/(1/(-16))*58?
2, 29
List the prime factors of (-33976)/((-72)/9) - -14.
4261
Let k(n) = -4*n**2 + n + 19. Let z(o) = -5*o**2 + o + 21. Let f(x) = 6*k(x) - 5*z(x). Suppose 6 = i - 0. What are the prime factors of f(i)?
3, 17
Let z = 179 - 178. What are the prime factors of ((-16031)/82)/(z/(-2))?
17, 23
Let g(n) = -16*n**3 + 2*n**2 - 3*n - 5. Let w be g(-2). Suppose -4*s + 3*z = -w, -4*z + 8 = -s + 39. Let l = 127 - s. What are the prime factors of l?
2, 23
Let c = -35266 - -71986. List the prime factors of c.
2, 3, 5, 17
Suppose 0 = 2*y - 4, 3*y = -k + 2*k + 6. Suppose -4*b + 14 = r + r, -4*b + r + 5 = k. List the prime factors of (-5 + 2)/(b*(-5)/220).
2, 3, 11
Suppose 8*v - 36817 = -3*v. What are the prime factors of v?
3347
Let o = 632 - 337. Suppose 0 = -6*p - o + 2005. List the prime factors of p.
3, 5, 19
Suppose -g - g = -10. Suppose m + 12 = -4*j, -6 = 2*j + m - g*m. What are the prime factors of ((-51)/j - 3)/((-4)/(-26))?
7, 13
Let f(h) = -23*h**3 - 50*h**2 + 4*h + 67. What are the prime factors of f(-12)?
32563
Let x be (4692/(-16))/(3/24*-2). Let s = -764 + x. List the prime factors of s.
409
Let p(j) = -5202*j + 9076. List the prime factors of p(-7).
2, 5, 4549
Let k be 1*14/21*-3. Let q(y) be the first derivative of -y**4/2 + 2*y**3/3 - y**2/2 - 2. What are the prime factors of q(k)?
2, 13
Let x be 4/3*(-54)/36. List the prime factors of 1/(-2)*(1221*x)/1.
3, 11, 37
What are the prime factors of (8/(-10))/(((-220392)/(-110205) - 1) + -1)?
2, 31, 79
Suppose 0*a + 12 = 3*l + 3*a, -3*l + a = -4. Suppose 2*i + l - 732 = 0. List the prime factors of i.
5, 73
Let t be 167/(-8) - 12/96. List the prime factors of (1148/98)/((-3)/t).
2, 41
Suppose 37 = -16*v + 21. Suppose -41 = -4*h - 9. Let r = h - v. List the prime factors of r.
3
Let h(u) = -u**3 - 10*u**2 - 3*u + 8. Let y be h(-8). What are the prime factors of (-1)/2*-821*(-94 - y)?
821
Let w be ((-8)/4 + 2)*6/(-12). Suppose -45*j + 41680 - 4960 = w. What are the prime factors of j?
2, 3, 17
Let s(w) = 181*w**2 + 6. Let i be s(-2). Suppose -12 = 3*r, g + 2*r = -0*g + i. What are the prime factors of g?
2, 3, 41
Let j = 185 + 3607. Suppose 13*r = 7*r + j. List the prime factors of r.
2, 79
Let b(z) = -16*z**2 - 14*z**3 - 14*z**2 + 25*z**2 + 5*z**3 - 68 + 28*z + 219. What are the prime factors of b(-6)?
1747
Suppose 4*u = -5*p + 53300, -45*u = -4*p - 48*u + 42640. What are the prime factors of p?
2, 5, 13, 41
Let m(x) = -14*x - 22 + 7*x + 8*x. Let w be m(-14). Let v = w + 61. What are the prime factors of v?
5
Suppose -9 = -5*d + 1. Let v = 247 - 245. Suppose v*j + 652 = 5*a + 28, -a + d*j + 128 = 0. List the prime factors of a.
2, 31
Suppose 7*m + 4*y = 12*m + 658778, 5*m - y = -658772. What are the prime factors of m/(-77) - 2/110*5?
29, 59
Suppose 0 = -2*f - 2*c + 554, -2*c - 382 = -2*f + 188. Let d = f + -190. What are the prime factors of d?
7, 13
Let o(c) = -c**3 + 9*c**2 - 7*c - 4. Let v be o(7). Suppose -23*j + 2100 = -16*j. Suppose -j = v*g - 47*g. What are the prime factors of g?
2, 3, 5
Suppose 33*v + 258 = 4*f + 36*v, 2*v = 3*f - 202. Let q be (2/(-4))/(3/300). Let w = q + f. List the prime factors of w.
2
Let t(v) = -2*v**3 - 22*v**2 + 22*v + 29. Let h = 103 + -115. List the prime factors of t(h).
53
Let p(x) = 216*x + 255. List the prime factors of p(43).
3, 3181
Let c(n) = 58*n + 1. Let s be c(-17). Let v = s - -630. Let l = -215 - v. What are the prime factors of l?
2, 5, 7
Suppose 4*p + 5*j = 41169, p + 7*j - 11*j - 10308 = 0. What are the prime factors of p?
2, 3, 11, 13
Let v(t) = 168*t**2 - 11 - 8 - 167*t**2. What are the prime factors of v(20)?
3, 127
Let x(y) = -723*y + 25. Let i be x(-8). Suppose -14*j - 937 = -i. What are the prime factors of j?
2, 3, 29
Let l be 1 - 33/27 - (-208)/(-36). What are the prime factors of 1/(1/(-190))*3/l?
5, 19
Suppose 2*b - 27 - 27 = -i, 2*i + b - 93 = 0. Let v = i - 42. Suppose 2*c + 69 = y, v*y - 142 = -0*y + 5*c. List the prime factors of y.
61
Let m be (-18)/15*(-252 - -12). List the prime factors of (-6)/8 - 9/(m/(-12728)).
397
Let j = -51219 - -110013. What are the prime factors of j?
2, 3, 41, 239
Let u = 1125 + -379. Let l = u - 327. What are the prime factors of l?
419
Let n = -1735 - -2644. Suppose n*t - 903*t - 5370 = 0. List the prime factors of t.
5, 179
Suppose 1 = 4*f - 15. What are the prime factors of ((-2)/f)/(11/(-7370))?
5, 67
Let l(a) = -2*a - 3 + 4*a**2 + 7*a**2 + 4*a + 4*a**2. List the prime factors of l(-3).
2, 3, 7
Let i(f) = 8*f**2 + f - 1. Let c be i(-1). Let m = c + -6. List the prime factors of ((m + -3)/9)/((-1)/447).
149
Let f(m) = -2*m**3 + 5*m**2 + 32*m - 64. List the prime factors of f(-26).
2, 97
Let g = -13730 + 43257. What are the prime factors of g?
29527
Let y(d) = 15*d**2 - 75*d - 6. Let i be (35/21)/(2/6) - -4. List the prime factors of y(i).
2, 3, 89
Let d = -7152 + 13224. List the prime factors of d.
2, 3, 11, 23
Suppose 6*j - 10 = j. Suppose 135*i = 143*i + 112. Let h = j - i. List the prime factors of h.
2
Let y(u) = 540*u**2 - 24*u - 63. List the prime factors of y(-3).
3, 541
Suppose 0 = -2*d + 288 - 356. Let y = 249 - d. What are the prime factors of y?
283
Suppose 0 = -3*p + 5*f + 25, -p = p - 3*f - 16. Suppose -p*m + k + 1233 = 0, 0 = -3*m - 2*k - 84 + 816. Suppose 3*b - m = b. List the prime factors of b.
3, 41
Suppose 2*z - 46 + 32 = 0. Suppose -214 = -z*u + 731. What are the prime factors of u?
3, 5
Let k be (-146)/(-9) + (-4)/(-54)*-3. Let h be (-9)/(36/k) + -3965. List the prime factors of (-6)/(-10) - h/35.
2, 3, 19
Suppose -210*o + 711009 - 23784 = 45*o. List the prime factors of o.
5, 7, 11
Suppose 4 = -5*n + d + 49, -d = 5*n - 45. What are the prime factors of 2/n + (8466/(-27))/(-2)?
157
Suppose -r + 8 = r. Suppose 4*h - 4*n + 24 = -n, 4*h - r*n = -20. Let m = h + 72. List the prime factors of m.
3, 7
Let w(a) = 175*a + 6981. List the prime factors of w(58).
37, 463
Let c = 163 - 303. Let k = 427 + c. What are the prime factors of k?
7, 41
Let v = 27 + -23. Suppose 2*t - 3*t - 3*u = 8, -v*t + 2*u + 24 = 0. Suppose 0 = t*d + 4*o - 2*o - 434, d - 4*o = 95. What are the prime factors of d?
107
What are the prime factors of 437354/14 + 48/(-84)?
3, 13, 89
Let w = -399 + 424. Let y(t) = 3*t**